 composite number?
True
Is 111409 composite?
False
Is 311791 a composite number?
False
Is 737323 prime?
False
Is 785671 a prime number?
True
Is 43661 prime?
True
Is 164267 a prime number?
True
Is 52729 composite?
True
Is 9763 composite?
True
Is 23143 a prime number?
True
Is 130327 a prime number?
False
Is 15047 a composite number?
True
Is 319115 a prime number?
False
Is 4498291 prime?
False
Is 13267 a prime number?
True
Is 9311 a composite number?
False
Is 542 prime?
False
Is 53011 a composite number?
True
Is 60121 prime?
False
Is 9767 composite?
False
Is 2927 composite?
False
Is 32633 composite?
False
Is 1087 prime?
True
Is 102493 prime?
False
Is 608723 a composite number?
True
Is 6779 composite?
False
Is 4083 a composite number?
True
Is 1895 a composite number?
True
Is 4783 prime?
True
Is 10057 composite?
True
Is 466957 a prime number?
True
Is 15013 composite?
False
Is 32603 a prime number?
True
Is 17509 prime?
True
Is 6281 a composite number?
True
Is 33871 a composite number?
False
Is 117919 prime?
False
Is 39709 composite?
False
Is 86951 a prime number?
True
Is 27955 a prime number?
False
Is 57413 a prime number?
True
Is 40366 prime?
False
Is 28007 a composite number?
True
Is 16379 prime?
False
Is 86155 composite?
True
Is 119723 a composite number?
False
Is 520287 a prime number?
False
Is 248359 composite?
True
Is 13093 composite?
False
Is 143987 prime?
False
Is 24839 prime?
False
Is 8857 composite?
True
Is 14227 composite?
True
Is 90203 a composite number?
False
Is 187111 a prime number?
True
Is 179923 a prime number?
True
Is 3821 composite?
False
Is 444271 a composite number?
False
Is 180847 composite?
False
Is 144127 composite?
True
Is 3011 a prime number?
True
Is 9157 a prime number?
True
Is 2705 a composite number?
True
Is 52133 a composite number?
True
Is 289131 prime?
False
Is 74587 a composite number?
False
Is 72987 a composite number?
True
Is 127787 prime?
False
Is 530629 a prime number?
False
Is 107563 composite?
False
Is 32701 prime?
False
Is 541219 prime?
False
Is 13709 a composite number?
False
Is 268727 a prime number?
False
Is 151897 a composite number?
False
Is 36901 composite?
False
Is 351413 composite?
False
Is 86959 prime?
True
Is 5149 composite?
True
Is 17203 composite?
False
Is 616483 composite?
True
Is 14107 composite?
False
Is 3755 composite?
True
Is 3557 a prime number?
True
Is 4571 composite?
True
Is 1478 composite?
True
Is 55487 a composite number?
False
Is 356501 prime?
True
Is 297545 composite?
True
Is 1120993 a prime number?
True
Is 143387 composite?
False
Is 1197239 a composite number?
False
Is 6038 prime?
False
Is 2354413 a composite number?
False
Is 32183 a composite number?
False
Is 80809 prime?
True
Is 993 prime?
False
Is 141259 a composite number?
True
Is 1543 a composite number?
False
Is 33107 a composite number?
False
Is 268579 a composite number?
True
Is 40501 composite?
True
Is 2317801 a composite number?
False
Is 63647 composite?
False
Is 74179 a prime number?
False
Is 3974 composite?
True
Is 26305 a composite number?
True
Is 34329 a composite number?
True
Is 231779 composite?
False
Is 53773 a composite number?
False
Is 43649 a composite number?
False
Is 117926 a prime number?
False
Is 85379 composite?
True
Is 2185431 composite?
True
Is 227663 a prime number?
True
Is 2179 prime?
True
Is 3641 composite?
True
Is 24239 a composite number?
False
Is 30773 composite?
False
Is 331757 a prime number?
False
Is 3299 a prime number?
True
Is 10823 prime?
False
Is 317999 a composite number?
True
Is 1160023 a prime number?
False
Is 2863 composite?
True
Is 576271 a composite number?
True
Is 299843 a composite number?
False
Is 2049 a prime number?
False
Is 309637 a prime number?
True
Is 8059 composite?
False
Is 493643 a prime number?
True
Is 37423 a prime number?
True
Is 4741229 a composite number?
False
Is 1595863 prime?
True
Is 516991 a composite number?
False
Is 27769 composite?
True
Is 749323 a prime number?
True
Is 4909 composite?
False
Is 345053 composite?
True
Is 23813 a composite number?
False
Is 3334 a composite number?
True
Is 275711 prime?
True
Is 14173 composite?
False
Is 1062793 prime?
True
Is 170849 composite?
True
Is 267185 composite?
True
Is 13849 a prime number?
False
Is 56103 a prime number?
False
Is 2579 a prime number?
True
Is 9683 a prime number?
False
Is 8759 a composite number?
True
Is 4421 composite?
False
Is 15073 a composite number?
False
Is 144505 a composite number?
True
Is 24689 composite?
True
Is 434953 composite?
True
Is 34583 a composite number?
False
Is 990569 a composite number?
True
Is 12403 composite?
True
Is 73561 prime?
True
Is 17401 a composite number?
False
Is 237959 composite?
False
Is 466721 a composite number?
True
Is 7369 prime?
True
Is 92629 a prime number?
False
Is 93941 composite?
False
Is 492757 a composite number?
False
Is 1726 composite?
True
Is 260441 composite?
False
Is 4703 a composite number?
False
Is 91886 a prime number?
False
Is 2897 composite?
False
Is 85114 prime?
False
Is 3941 composite?
True
Is 152907 a prime number?
False
Is 899229 a prime number?
False
Is 21269 prime?
True
Is 195967 a prime number?
True
Is 1454 a composite number?
True
Is 27451 a prime number?
False
Is 1621751 composite?
False
Is 2997409 a prime number?
True
Is 3527 a prime number?
True
Is 1087 prime?
True
Is 46807 a composite number?
False
Is 12809 composite?
False
Is 26591 a composite number?
False
Is 719 composite?
False
Is 65777 a prime number?
True
Is 40841 a prime number?
True
Is 533509 composite?
False
Is 33679 a composite number?
False
Is 1619 prime?
True
Is 9193 composite?
True
Is 178489 prime?
True
Is 17273 composite?
True
Is 762989 a prime number?
True
Is 1795397 a prime number?
False
Is 1541 a prime number?
False
Is 470437 prime?
False
Is 406519 composite?
True
Is 34647 a prime number?
False
Is 11047 prime?
True
Is 1469 a prime number?
False
Is 16871 prime?
True
Is 5793 composite?
True
Is 98179 a composite number?
False
Is 27349 a composite number?
True
Is 20437 a composite number?
True
Is 456191 a composite number?
True
Is 21139 a prime number?
True
Is 1369097 a composite number?
False
Is 471013 composite?
True
Is 45119 a composite number?
False
Is 11057 composite?
False
Is 82153 a composite number?
False
Is 6823 prime?
True
Is 1497 prime?
False
Is 106439 composite?
True
Is 191339 a composite number?
False
Is 19033 a composite number?
True
Is 70639 a prime number?
True
Is 3401 a prime number?
False
Is 16673 prime?
True
Is 2221111 a composite number?
False
Is 9719 a composite number?
False
Is 140587 composite?
False
Is 300481 a composite number?
False
Is 5147 a composite number?
False
Is 24907 composite?
False
Is 3833 prime?
True
Is 8147 prime?
True
Is 229433 a composite number?
False
Is 1295821 a prime number?
False
Is 9913 a composite number?
True
Is 9133 composite?
False
Is 1984543 a prime number?
False
Is 582887 composite?
False
Is 6542 prime?
False
Is 31061 a composite number?
True
Is 85499 composite?
True
Is 314103 a composite number?
True
Is 84629 a composite number?
False
Is 23719 prime?
True
Is 2153 composite?
False
Is 24197 composite?
False
Is 730153 composite?
True
Is 10031 composite?
True
Is 63347 a composite number?
False
Is 3719 prime?
True
Is 292133 a composite number?
False
Is 27785 a composite number?
True
Is 15919 composite?
False
Is 21553 prime?
False
Is 166769 prime?
False
Is 7883 a prime number?
True
Is 94201 a composite number?
False
Is 26311 composite?
True
Is 118451 composite?
True
Is 41593 a composite number?
False
Is 478801 a composite number?
False
Is 564087 a prime number?
False
Is 8287 prime?
True
Is 9587 a composite number?
False
Is 5839 a composite number?
False
Is 340033 prime?
False
Is 143897 composite?
True
Is 15245 a prime number?
False
Is 1184581 composite?
True
Is 57917 a composite number?
False
Is 722305 a composite number?
True
Is 231589 a prime number?
True
Is 75883 a composite number?
False
Is 130873 prime?
True
Is 2526077 composite?
False
Is 3867 composite?
True
Is 9566 prime?
False
Is 505 a prime number?
False
Is 124177 composite?
True
Is 26139 a prime number?
False
Is 551605 prime?
False
Is 162389 prime?
True
Is 11959 a prime number?
True
Is 48053 a composite number?
True
Is 32251 prime?
True
Is 14667 a prime number?
False
Is 8